- 35 = -3*i. What is the units digit of i?
2
Let f = 42 - 21. What is the units digit of f?
1
Suppose -2*i - 18 = -2*o, -i + 3*i + 45 = 5*o. Suppose 3*t = -2*b - b + 9, t = -4*b + o. What is the units digit of t?
1
Let o(j) = j**3 - 2*j**2 - j + 194. What is the units digit of o(0)?
4
Suppose -3*p + 5*p = 3*t + 39, p = 3*t + 15. What is the units digit of p?
4
Suppose 3*d = 5*d - 2. What is the units digit of d?
1
Let b(l) be the first derivative of -l**2 + 5*l - 9. What is the units digit of b(-15)?
5
What is the hundreds digit of ((-1)/2*6)/((-3)/124)?
1
Suppose -3*j + 109 = z, 2*j - 3*j + 41 = -2*z. Let i = j - 4. What is the units digit of i?
3
Suppose -63 = -t - n, 5*n - 3 = -2*t + 129. What is the units digit of t?
1
What is the units digit of (-25)/(-5) - (0 - 0)?
5
Let i(d) = 2*d - 10. Let b be i(7). Suppose -2*j = 5*p - 33, -b*j - 34 = -4*p - 2. What is the units digit of p - 0/(6/(-2))?
7
Let v = 54 - 11. What is the tens digit of v?
4
Suppose 3*y - y - 22 = 0. What is the units digit of y?
1
Suppose r + 4*d + 12 = 0, -3*d - 2 = 2*r - 6*d. What is the tens digit of (-1)/r - (-213)/12?
1
Let q be (-1 - -3)*4/(-8). What is the units digit of 2/(-1*q/2)?
4
Suppose p + 3 = 2*p. Suppose -p*l + 40 = 2*l. Suppose -3*f + l + 25 = 0. What is the tens digit of f?
1
Let h(m) = 20*m**2 - 5*m - 3. What is the tens digit of h(-2)?
8
Suppose 0*b - 3*b - q = -17, -2*b - 4*q + 8 = 0. What is the units digit of b?
6
Let i(l) = -l**2 + 15*l - 26. What is the units digit of i(8)?
0
Let g = 12 - 18. Let j = 3 - g. What is the units digit of j?
9
Suppose 3*x = -2*s + 13, s - 3*s + 5 = -5*x. What is the units digit of s?
5
Let i(u) = -u**3 + 4*u**2 + 4*u + 6. Let k be i(5). Let o = k - -3. What is the units digit of (o - -1) + (-2)/2?
4
What is the tens digit of (-1 - -28) + 6 + -8?
2
Let m(t) = -14*t - 8. What is the tens digit of m(-3)?
3
Let a = -55 - -222. What is the hundreds digit of a?
1
Suppose 2*i - 60 = -i + 3*m, 3*i + 5*m - 60 = 0. Suppose -o + i = o. What is the tens digit of o?
1
Let s(u) = -3 + 3 - 5 + 3*u - 2*u. Let l be s(5). Suppose l = 4*w - i - 40, 2*w + 2*i = -7 + 27. What is the tens digit of w?
1
Let w = -86 + 211. What is the tens digit of w?
2
Suppose 3*c = 25 - 4. Suppose -3*t = -2*t - c. What is the units digit of t?
7
Let v = 6 + -1. Suppose -3*d + 2*y + 0*y + 17 = 0, -d = v*y - 17. What is the units digit of d?
7
Suppose -2*x + 22 = -x. What is the units digit of x?
2
Let f be (-1756)/(-22) - 14/(-77). Let a = -41 + f. What is the units digit of a?
9
Let r(t) = -t**3 + 11*t**2 + 2*t + 10. What is the units digit of r(11)?
2
What is the units digit of 40 - (0 + 5 + -3)?
8
Let q = -17 - -28. What is the tens digit of q?
1
Let d be 11/(-2) + (-1)/2. Let y be ((-8)/d*3)/1. Suppose -20 + 4 = -y*l. What is the units digit of l?
4
Let r(c) = 4*c**2 - 6*c - 13. Let p(b) = -5*b**2 + 5*b + 14. Let a(o) = -3*p(o) - 4*r(o). What is the units digit of a(9)?
0
Let q be (-8)/(-20) + (-58)/(-5). Let v = q - 7. What is the units digit of v?
5
What is the hundreds digit of (-35)/(-56)*2*132/1?
1
Let o(n) be the second derivative of -n**3/6 - 3*n**2 + n. Let k be o(-6). Suppose -5*f + 5*z + 75 = -k*z, z - 63 = -5*f. What is the units digit of f?
3
Suppose -5*u + 2 = -13. Let i be (-7)/(-1)*(-2 + u). Suppose 5*q - i = 68. What is the tens digit of q?
1
Let x be (-2)/(-4)*(2 - -6). Suppose 2*y - 10 = 0, -3*y + 153 = x*k + 2*y. What is the units digit of k?
2
Let n(h) = h**3 - 18*h**2 - 7*h - 35. What is the hundreds digit of n(19)?
1
Let r(k) = -10*k + 7. Let q(n) = 9*n - 6. Let z(s) = 6*q(s) + 5*r(s). What is the units digit of z(3)?
1
Let t be (1 + 1)/1 - 0. Suppose -1 - t = -r. What is the units digit of r?
3
Let z(t) = 0*t + 8*t**2 - 2*t + 3*t. Suppose 2*k + 3*n - 5*n - 10 = 0, -2*n = -k + 9. What is the units digit of z(k)?
9
Let q(r) = -r - 7. Let t be q(-11). Suppose -t*i - 4 = -32. What is the units digit of i?
7
Let r(z) = -z**3 + 5*z**2 - 4*z + 1. Let c(w) = w - 5. Let h be c(9). Let k be (-6)/((30/h)/(-5)). What is the units digit of r(k)?
1
Suppose 0*z - 5*a + 147 = 3*z, -4*a - 98 = -2*z. What is the units digit of z?
9
Let r = 13 + -8. Suppose -5*q + r*s = 0, 3*q + 8 = 4*q + 3*s. Suppose -n + q*n - 5*g = 1, 4*g + 2 = n. What is the units digit of n?
6
Let m(o) be the first derivative of -o**6/360 - o**5/10 - 13*o**4/24 + o**3/3 - 1. Let n(g) be the third derivative of m(g). What is the units digit of n(-9)?
4
Let d = 2 + -2. Suppose 2*m + 5 - 37 = d. What is the units digit of m?
6
Let i = -1 + 4. Let c = i + -4. Let g(j) = 8*j**2 + j + 1. What is the units digit of g(c)?
8
Let r be (2/4)/(3/(-6)). Let p be (-4)/2 + (24 - r). Suppose -2*a + p = 3*u, -5*u + 30 = 5*a - 3*u. What is the units digit of a?
4
Let z(u) = u**3 - 10*u**2 + 12*u - 11. Let m(c) = -c + 5. Let g be m(-4). What is the units digit of z(g)?
6
Let a be (20/(-8) - -2)*0. What is the units digit of 0 - ((-3 - a) + 1)?
2
Let w be ((-70)/(-25))/((-2)/5). Let t(u) = 3*u - 10. Let b(k) = 2*k - 10. Let v(s) = 5*b(s) - 4*t(s). What is the units digit of v(w)?
4
Suppose -2*i + 3*i + 3 = -2*r, 9 = 3*i. Let k(o) = -2*o**2 + 3*o + 1. Let v be k(3). Let t = r - v. What is the units digit of t?
5
Suppose -12*m + 3*m + 360 = 0. What is the tens digit of m?
4
Let v(i) = -6*i - 3. Let w(c) = -c - 1. Let o(b) = v(b) - 5*w(b). Let m be 2/8 - 18/8. What is the units digit of o(m)?
4
Suppose -4*w = -w - 3. What is the units digit of (-9)/(w*(-3)/2)?
6
What is the tens digit of 78*(15/6 - 2)?
3
Let m = 7 + -5. Suppose -m*l - 2*l + 68 = 0. Suppose 4*o = l + 51. What is the units digit of o?
7
Let d(m) = m - 3. Let v be d(-9). Let b(g) = g + 27. Let y be b(v). Suppose -17 - y = -2*x. What is the tens digit of x?
1
Suppose x - 6*x = 0. Let m be 1*(-2 + 2 + x). Suppose 5*j + 25 = m, -j + 12 + 3 = 5*f. What is the units digit of f?
4
Let l(u) = u**3 + 3*u**2 - 4*u - 4. Let h be l(-3). Suppose 5*w + h = 5*c - 2, w = -2*c + 13. What is the units digit of w?
3
Let y = -19 + 7. Let g be 3/12 + (-9)/y. What is the units digit of ((3 - 1)/g)/2?
1
Suppose -2*r = -2*n - 100, 3*r + 18 - 148 = -2*n. What is the units digit of r?
6
Suppose f + 4*d = 47, -4*f - 5*d - 3 + 202 = 0. Suppose -c - 2*c = -f. What is the units digit of c?
7
Let i(m) = -6*m + 1. Suppose -5*b + 6 = -c, -5*c - 2*b - 3 + 0 = 0. What is the units digit of i(c)?
7
Let h(o) = -o**3 + 14*o**2 + 26*o + 24. What is the units digit of h(15)?
9
Let y = 24 + -8. Suppose 5*h = h + y. Suppose 2*r - h*u - 6 = -0*u, 3*r - 9 = 3*u. What is the units digit of r?
3
Let m(a) = -a + 12. Let s be m(0). Suppose j - 5*j = -s. Suppose 2*b + f = -j, -5*f - 26 = -1. What is the units digit of b?
1
Let d = -129 + 397. What is the tens digit of d?
6
What is the tens digit of 45/60 + 73/4?
1
Let p(f) be the second derivative of -3*f - 1/2*f**3 + 0 - 4*f**2. What is the units digit of p(-6)?
0
Suppose -27 = -3*q + w - 5*w, -3*q + 12 = -w. Let p(u) = u - 3. Let a be p(q). Suppose -38 = -5*g + 2*l, -3*g + 0*l + a = 4*l. What is the units digit of g?
6
Let c = 18 + -26. Let g(k) = -k**3 - 4*k**2 - 5*k - 4. Let a be g(-4). Let j = c + a. What is the units digit of j?
8
Let t(y) = -3*y - 12 - y**2 - 8*y - 2*y. Let l be t(-10). Suppose 1 = 3*z + j, -z + 2*j - l = 6*j. What is the units digit of z?
2
Suppose -v = 3*v + 12. Let c = v - -7. Suppose 2*i + c = -5*m, -m + 0 = 2. What is the units digit of i?
3
Let h(o) = o**2 + o - 7. Let p be h(-9). Suppose 3*u = -5*v + 108, v - p = -2*v - 2*u. What is the units digit of v?
1
Let v(i) = -i**2 + 8*i + 3. Let y = -12 - -30. Let k = y + -11. What is the units digit of v(k)?
0
Suppose -4*n + 7*n - 186 = 0. What is the tens digit of n?
6
Let u(m) = 34*m**2. Let q(j) = j**3 - j**2 - 2*j - 1. Let k be q(-1). What is the tens digit of u(k)?
3
Let s(g) = -2*g - 10. Suppose 3*a = -a - 28. Let u be s(a). What is the units digit of 46/8 - (-1)/u?
6
Let t = 962 + -654. What is the tens digit of t?
0
Let f(b) = 3*b**2 - 13*b - 9. Let q(d) = -5*d**2 + 25*d + 18. Let c(r) = -7*f(r) - 4*q(r). Let o be (-3 - 1/(-1)) + -4. What is the units digit of c(o)?
9
Let s = -13 + 29. Let j = 27 - s. What is the units digit of j?
1
Let w(a) = 8*a**2 + a - 4. What is the units digit of w(2)?
0
Let l(d) = d + 3. Let x be l(0). Let r be x*(-2 - (1 + 